{"version":"1.0","provider_name":"St. Mary of the Assumption Catholic School","provider_url":"https:\/\/stmaryum.org\/es\/","author_name":"Tamera Campbell","author_url":"https:\/\/stmaryum.org\/es\/author\/tamera\/","title":"\u00a1Santa Mar\u00eda Santo del d\u00eda! 03-17-2016 - St. Mary of the Assumption Catholic School","type":"rich","width":600,"height":338,"html":"<blockquote class=\"wp-embedded-content\" data-secret=\"oMIGSRGYb8\"><a href=\"https:\/\/stmaryum.org\/es\/santa-maria-santo-del-dia-03-17-2016\/\">\u00a1Santa Mar\u00eda Santo del d\u00eda! 03-17-2016<\/a><\/blockquote><iframe sandbox=\"allow-scripts\" security=\"restricted\" src=\"https:\/\/stmaryum.org\/es\/santa-maria-santo-del-dia-03-17-2016\/embed\/#?secret=oMIGSRGYb8\" width=\"600\" height=\"338\" title=\"\u00ab\u00a1Santa Mar\u00eda Santo del d\u00eda! 03-17-2016\u00bb \u2014 St. Mary of the Assumption Catholic School\" data-secret=\"oMIGSRGYb8\" frameborder=\"0\" marginwidth=\"0\" marginheight=\"0\" scrolling=\"no\" class=\"wp-embedded-content\"><\/iframe><script type=\"text\/javascript\">\n\/* <![CDATA[ *\/\n\/*! This file is auto-generated *\/\n!function(d,l){\"use strict\";l.querySelector&&d.addEventListener&&\"undefined\"!=typeof URL&&(d.wp=d.wp||{},d.wp.receiveEmbedMessage||(d.wp.receiveEmbedMessage=function(e){var t=e.data;if((t||t.secret||t.message||t.value)&&!\/[^a-zA-Z0-9]\/.test(t.secret)){for(var s,r,n,a=l.querySelectorAll('iframe[data-secret=\"'+t.secret+'\"]'),o=l.querySelectorAll('blockquote[data-secret=\"'+t.secret+'\"]'),c=new RegExp(\"^https?:$\",\"i\"),i=0;i<o.length;i++)o[i].style.display=\"none\";for(i=0;i<a.length;i++)s=a[i],e.source===s.contentWindow&&(s.removeAttribute(\"style\"),\"height\"===t.message?(1e3<(r=parseInt(t.value,10))?r=1e3:~~r<200&&(r=200),s.height=r):\"link\"===t.message&&(r=new URL(s.getAttribute(\"src\")),n=new URL(t.value),c.test(n.protocol))&&n.host===r.host&&l.activeElement===s&&(d.top.location.href=t.value))}},d.addEventListener(\"message\",d.wp.receiveEmbedMessage,!1),l.addEventListener(\"DOMContentLoaded\",function(){for(var e,t,s=l.querySelectorAll(\"iframe.wp-embedded-content\"),r=0;r<s.length;r++)(t=(e=s[r]).getAttribute(\"data-secret\"))||(t=Math.random().toString(36).substring(2,12),e.src+=\"#?secret=\"+t,e.setAttribute(\"data-secret\",t)),e.contentWindow.postMessage({message:\"ready\",secret:t},\"*\")},!1)))}(window,document);\n\/\/# sourceURL=https:\/\/stmaryum.org\/wp-includes\/js\/wp-embed.min.js\n\/* ]]> *\/\n<\/script>\n","description":"\u00a1Santa Mar\u00eda Santo del d\u00eda! 17-03-2016 \u00a1Qui\u00e9n en tu vida se parece m\u00e1s a Jes\u00fas! Gabriel Pineda Gr.7 Mi padre porque como Dios es una buena figura paterna. Ashley Akintunde Gr. K Mi mam\u00e1 y mi pap\u00e1 porque me cuidan.","thumbnail_url":"https:\/\/scontent-atl3-1.xx.fbcdn.net\/hphotos-xfp1\/v\/t1.0-0\/p296x100\/11231915_1253510498011735_2639273869246496297_n.jpg?oh=03cdea06bb0703d73daa628430027e89&amp;oe=5783E23B"}

¡Santa María Santo del día! 03-17-2016 - St. Mary of the Assumption Catholic School

<blockquote class="wp-embedded-content" data-secret="oMIGSRGYb8"><a href="https://stmaryum.org/es/santa-maria-santo-del-dia-03-17-2016/">¡Santa María Santo del día! 03-17-2016</a></blockquote><iframe sandbox="allow-scripts" security="restricted" src="https://stmaryum.org/es/santa-maria-santo-del-dia-03-17-2016/embed/#?secret=oMIGSRGYb8" width="600" height="338" title="«¡Santa María Santo del día! 03-17-2016» — St. Mary of the Assumption Catholic School" data-secret="oMIGSRGYb8" frameborder="0" marginwidth="0" marginheight="0" scrolling="no" class="wp-embedded-content"></iframe><script type="text/javascript">
/* <![CDATA[ */
/*! This file is auto-generated */
!function(d,l){"use strict";l.querySelector&&d.addEventListener&&"undefined"!=typeof URL&&(d.wp=d.wp||{},d.wp.receiveEmbedMessage||(d.wp.receiveEmbedMessage=function(e){var t=e.data;if((t||t.secret||t.message||t.value)&&!/[^a-zA-Z0-9]/.test(t.secret)){for(var s,r,n,a=l.querySelectorAll('iframe[data-secret="'+t.secret+'"]'),o=l.querySelectorAll('blockquote[data-secret="'+t.secret+'"]'),c=new RegExp("^https?:$","i"),i=0;i<o.length;i++)o[i].style.display="none";for(i=0;i<a.length;i++)s=a[i],e.source===s.contentWindow&&(s.removeAttribute("style"),"height"===t.message?(1e3<(r=parseInt(t.value,10))?r=1e3:~~r<200&&(r=200),s.height=r):"link"===t.message&&(r=new URL(s.getAttribute("src")),n=new URL(t.value),c.test(n.protocol))&&n.host===r.host&&l.activeElement===s&&(d.top.location.href=t.value))}},d.addEventListener("message",d.wp.receiveEmbedMessage,!1),l.addEventListener("DOMContentLoaded",function(){for(var e,t,s=l.querySelectorAll("iframe.wp-embedded-content"),r=0;r<s.length;r++)(t=(e=s[r]).getAttribute("data-secret"))||(t=Math.random().toString(36).substring(2,12),e.src+="#?secret="+t,e.setAttribute("data-secret",t)),e.contentWindow.postMessage({message:"ready",secret:t},"*")},!1)))}(window,document);
//# sourceURL=https://stmaryum.org/wp-includes/js/wp-embed.min.js
/* ]]> */
</script>

¡Santa María Santo del día! 17-03-2016 ¡Quién en tu vida se parece más a Jesús! Gabriel Pineda Gr.7 Mi padre porque como Dios es una buena figura paterna. Ashley Akintunde Gr. K Mi mamá y mi papá porque me cuidan.
